he prime factors of 4261659641?
461, 9244381
What are the prime factors of 2573758305?
3, 5, 23, 47, 157, 337
List the prime factors of 86636201.
2017, 42953
What are the prime factors of 29188846?
2, 1759, 8297
What are the prime factors of 797657815?
5, 159531563
List the prime factors of 229969207.
13, 61, 289999
List the prime factors of 177874465.
5, 35574893
What are the prime factors of 2464053079?
2464053079
List the prime factors of 4804777.
19, 43, 5881
What are the prime factors of 468980994?
2, 3, 23, 37, 53, 1733
List the prime factors of 173807014.
2, 17, 73, 239, 293
What are the prime factors of 74599115?
5, 853, 17491
List the prime factors of 181643245.
5, 7, 741401
List the prime factors of 2098116932.
2, 524529233
What are the prime factors of 3592078889?
7, 23, 22311049
List the prime factors of 3922387090.
2, 5, 73, 5373133
List the prime factors of 7688016.
2, 3, 7, 29, 263
What are the prime factors of 2222351661?
3, 467, 673, 2357
List the prime factors of 18822361.
18822361
List the prime factors of 836469884.
2, 43, 1291, 3767
What are the prime factors of 121639852?
2, 331, 91873
List the prime factors of 9388232.
2, 7, 23, 37, 197
What are the prime factors of 64645591?
1627, 39733
List the prime factors of 44603551.
44603551
List the prime factors of 134316302.
2, 7121, 9431
List the prime factors of 66669275.
5, 719, 3709
What are the prime factors of 35680654?
2, 17, 37, 113, 251
What are the prime factors of 2253479161?
131, 137, 307, 409
List the prime factors of 1102019394.
2, 3, 7, 43, 610199
List the prime factors of 71372511.
3, 7, 17, 103, 647
What are the prime factors of 1095877903?
709, 1545667
What are the prime factors of 3331419408?
2, 3, 47, 3491
What are the prime factors of 4144484481?
3, 1181, 1169767
What are the prime factors of 149109220?
2, 5, 13, 573497
List the prime factors of 433652740.
2, 5, 787, 27551
List the prime factors of 402957201.
3, 89, 1509203
What are the prime factors of 401483848?
2, 223, 313, 719
What are the prime factors of 42840518?
2, 7, 643, 4759
List the prime factors of 423168179.
7, 227, 251, 1061
What are the prime factors of 250557763?
250557763
What are the prime factors of 2883450840?
2, 3, 5, 271, 88667
List the prime factors of 51395382.
2, 3, 1069, 2671
What are the prime factors of 6919545263?
443, 15619741
What are the prime factors of 479083352?
2, 11, 5444129
List the prime factors of 98190135.
3, 5, 1249, 1747
List the prime factors of 851674530.
2, 3, 5, 7, 4055593
What are the prime factors of 902225254?
2, 7, 41, 47, 53, 631
List the prime factors of 1356283.
179, 7577
What are the prime factors of 1612913399?
107, 15073957
What are the prime factors of 32257440?
2, 3, 5, 19, 131
What are the prime factors of 351105299?
351105299
List the prime factors of 369015766.
2, 7, 43, 67, 1307
List the prime factors of 5091284770.
2, 5, 11, 13, 3560339
List the prime factors of 24178424.
2, 67, 79, 571
What are the prime factors of 891970737?
3, 7, 42474797
List the prime factors of 133930627.
133930627
What are the prime factors of 6384496535?
5, 83, 15384329
What are the prime factors of 190800419?
190800419
List the prime factors of 2564968576.
2, 43, 466019
List the prime factors of 1677830341.
11, 1429, 106739
What are the prime factors of 89575160?
2, 5, 41, 193, 283
List the prime factors of 3137946066.
2, 3, 174330337
List the prime factors of 1089818972.
2, 11, 59, 197, 2131
List the prime factors of 390919300.
2, 5, 19, 31, 6637
List the prime factors of 35610286.
2, 17805143
List the prime factors of 37459214.
2, 13, 313, 4603
List the prime factors of 380262180.
2, 3, 5, 6337703
What are the prime factors of 74122354?
2, 37061177
List the prime factors of 130344543.
3, 7, 53, 103, 379
List the prime factors of 4774297518.
2, 3, 88412917
List the prime factors of 41544241.
19, 157, 733
List the prime factors of 166648414.
2, 83324207
What are the prime factors of 31970402?
2, 89, 293, 613
List the prime factors of 28920857.
7, 193, 21407
What are the prime factors of 329251030?
2, 5, 727, 45289
What are the prime factors of 1758839338?
2, 28351, 31019
List the prime factors of 96231634.
2, 48115817
What are the prime factors of 80960179?
47, 1722557
What are the prime factors of 28101983?
7, 13, 308813
List the prime factors of 1469516845.
5, 11783, 24943
List the prime factors of 49709096.
2, 6213637
List the prime factors of 1211853914.
2, 29, 2999, 6967
What are the prime factors of 1591915703?
7, 19, 331, 36161
List the prime factors of 4406964910.
2, 5, 17, 23, 1127101
List the prime factors of 56363493.
3, 367, 51193
List the prime factors of 388367801.
388367801
What are the prime factors of 531595353?
3, 53, 67, 139, 359
What are the prime factors of 3081029189?
7, 19, 23165633
What are the prime factors of 31498710?
2, 3, 5, 67, 15671
What are the prime factors of 12399170?
2, 5, 7, 177131
What are the prime factors of 220292063?
220292063
What are the prime factors of 5779660090?
2, 5, 577966009
What are the prime factors of 54115076?
2, 13528769
What are the prime factors of 281218875?
3, 5, 7, 149, 719
List the prime factors of 629336133.
3, 69926237
What are the prime factors of 687386453?
13, 3931, 13451
What are the prime factors of 606740261?
397, 1528313
List the prime factors of 5231606953.
997, 5247349
List the prime factors of 31431826.
2, 211, 353
List the prime factors of 259937393.
431, 603103
List the prime factors of 82837128.
2, 3, 11, 313777
List the prime factors of 1335799.
1061, 1259
List the prime factors of 3169836382.
2, 191, 8298001
What are the prime factors of 10271726?
2, 31, 165673
List the prime factors of 2135789.
163, 13103
What are the prime factors of 14944068?
2, 3, 138371
What are the prime factors of 30321578?
2, 7, 443, 4889
List the prime factors of 12996900.
2, 3, 5, 7, 2063
What are the prime factors of 2738446681?
47, 769, 75767
What are the prime factors of 1443249436?
2, 449, 803591
List the prime factors of 406100813.
19, 59207
List the prime factors of 346140300.
2, 3, 5, 11, 104891
What are the prime factors of 29895848?
2, 3736981
List the prime factors of 1867258630.
2, 5, 19, 2833, 3469
What are the prime factors of 8038173?
3, 11, 13, 41, 457
What are the prime factors of 5053467301?
311, 349, 46559
List the prime factors of 26004908.
2, 31, 209717
What are the prime factors of 5155261944?
2, 3, 7, 19, 167, 509
What are the prime factors of 1808230433?
1808230433
List the prime factors of 455925834.
2, 3, 7, 13, 61
List the prime factors of 10082236.
2, 19, 132661
What are the prime factors of 2271467979?
3, 11, 22944121
What are the prime factors of 14838584?
2, 31, 59833
What are the prime factors of 234341034?
2, 3, 39056839
List the prime factors of 1914558281.
5843, 327667
List the prime factors of 59839469.
541, 110609
What are the prime factors of 6001711669?
6001711669
List the prime factors of 51837047.
51837047
What are the prime factors of 1179296?
2, 137, 269
List the prime factors of 228986518.
2, 19, 6025961
What are the prime factors of 117112632?
2, 3, 7, 13, 53623
What are the prime factors of 327826462?
2, 163913231
List the prime factors of 7239003606.
2, 3, 29, 13867823
What are the prime factors of 75032699?
7, 79, 241, 563
List the prime factors of 20813341.
19, 1095439
List the prime factors of 118021350.
2, 3, 5, 19, 41411
List the prime factors of 51525080.
2, 5, 199, 6473
List the prime factors of 49486319.
49486319
List the prime factors of 73366859.
47, 1560997
What are the prime factors of 9495123?
3, 11, 287731
What are the prime factors of 40990801?
67, 611803
What are the prime factors of 130085251?
41, 3172811
List the prime factors of 441615155.
5, 1483, 59557
List the prime factors of 916217717.
37, 151, 163991
List the prime factors of 1903280774.
2, 23, 31, 53, 25183
List the prime factors of 216340811.
216340811
List the prime factors of 326108566.
2, 7, 23293469
List the prime factors of 428710121.
7, 61244303
List the prime factors of 328720694.
2, 164360347
List the prime factors of 4112038747.
58321, 70507
What are the prime factors of 1123660147?
23, 157, 311177
List the prime factors of 80801611.
11, 41, 179161
List the prime factors of 2459